{"id":42,"date":"2016-11-15T18:42:34","date_gmt":"2016-11-15T18:42:34","guid":{"rendered":"http:\/\/ps-partner.com\/?page_id=42"},"modified":"2024-03-15T10:13:30","modified_gmt":"2024-03-15T10:13:30","slug":"wsk","status":"publish","type":"page","link":"https:\/\/ps-partner.com\/?page_id=42","title":{"rendered":"WSK"},"content":{"rendered":"<p><strong>Wewn\u0119trzny System Kontroli Obrotu (WSK)<\/strong><\/p>\n<p>Kontrola obrotu towarami o znaczeniu strategicznym stanowi istotny element polityki bezpiecze\u0144stwa zar\u00f3wno w wymiarze krajowym, jak i globalnym. Dotyczy wsp\u00f3lnych dzia\u0142a\u0144 podejmowanych przez przedsi\u0119biorc\u00f3w i administracj\u0119 rz\u0105dow\u0105, zwi\u0105zanych z obrotem z zagranic\u0105 towarami, technologiami i us\u0142ugami o znaczeniu strategicznym dla bezpiecze\u0144stwa pa\u0144stwa, a tak\u017ce dla utrzymania mi\u0119dzynarodowego pokoju i bezpiecze\u0144stwa. Staje si\u0119 g\u0142\u00f3wnym filarem polityki zagranicznej i bezpiecze\u0144stwa NATO i Unii Europejskiej i wsp\u00f3\u0142pracy Pa\u0144stw Cz\u0142onkowskich w tym zakresie. Zasady obrotu z zagranic\u0105 towarami o znaczeniu strategiczny, reguluje Ustawa z dnia 29 listopada 2000 r. o obrocie z zagranic\u0105 towarami, technologiami i us\u0142ugami o znaczeniu strategicznym dla bezpiecze\u0144stwa pa\u0144stwa, a tak\u017ce dla utrzymania mi\u0119dzynarodowego pokoju i bezpiecze\u0144stwa.<\/p>\n<p>Zgodnie z zapisami powy\u017cszej Ustawy\u2026\u201d<\/p>\n<p>(Art. 11.)<\/p>\n<ol>\n<li>Przedsi\u0119biorca wnioskuj\u0105cy o zezwolenie na obr\u00f3t uzbrojeniem lub korzystaj\u0105cy z krajowego zezwolenia generalnego na obr\u00f3t uzbrojeniem jest obowi\u0105zany utworzy\u0107 i stosowa\u0107 wewn\u0119trzny system kontroli i zarz\u0105dzania obrotem uzbrojeniem, zwany dalej &#8220;wewn\u0119trznym systemem kontroli&#8221;.<\/li>\n<li>W ramach wewn\u0119trznego systemu kontroli nale\u017cy okre\u015bli\u0107 w szczeg\u00f3lno\u015bci zadania organ\u00f3w przedsi\u0119biorstwa, podstawowe zadania na stanowiskach pracy w zakresie kontroli i zarz\u0105dzania obrotem, zasady doboru pracownik\u00f3w, archiwizacji danych, kontroli wewn\u0119trznej, realizacji zam\u00f3wie\u0144 oraz szkolenia.<\/li>\n<li>Wewn\u0119trzny system kontroli podlega certyfikacji zgodno\u015bci z wymaganiami mi\u0119dzynarodowych norm ISO 9000 i wymaganiami okre\u015blonymi w ust. 2.).<\/li>\n<\/ol>\n<p>&nbsp;<\/p>\n<p>Wewn\u0119trzny System Kontroli, to narz\u0119dzie zapobiegania transferom strategicznie wa\u017cnych towar\u00f3w, w tym uzbrojenia i sprz\u0119tu wojskowego, do niew\u0142a\u015bciwych odbiorc\u00f3w: \u00a0<strong>\u00a0\u00a0<\/strong><\/p>\n<ul>\n<li>jest elementem krajowego systemu kontroli eksportu,<\/li>\n<li>reguluje zasady obrotu towarami o znaczeniu strategicznym,<\/li>\n<li>okre\u015bla spos\u00f3b ewidencji obrotu,<\/li>\n<li>pozwala kontrolowa\u0107 ka\u017cd\u0105 kom\u00f3rk\u0119 w organizacji,<\/li>\n<li>porz\u0105dkuje proces decyzyjny w organizacji,<\/li>\n<li>pozwala eliminowa\u0107 b\u0142\u0119dy pracownik\u00f3w,<\/li>\n<li>buduje wiarygodno\u015b\u0107 organizacji.<\/li>\n<\/ul>\n<p>&nbsp;<\/p>\n<p>Wewn\u0119trzny System Kontroli opiera si\u0119 na 3 filarach:<\/p>\n<ul>\n<li>znajomo\u015bci parametr\u00f3w technicznych towaru,<\/li>\n<li>znajomo\u015bci partnera handlowego,<\/li>\n<li>wiedzy na temat mo\u017cliwo\u015bci wykorzystania towaru.<\/li>\n<\/ul>\n<p>&nbsp;<\/p>\n<p><strong>Co powinien zawiera\u0107 system WSK????<\/strong><\/p>\n<p><em>(w oparciu o zalecenia Porozumienia z Wassenaar)<\/em><\/p>\n<p>1.Pisemna deklaracja polityki przedsi\u0119biorstwa w zakresie zgodno\u015bci prowadzenia obrotu obowi\u0105zuj\u0105cym prawem;<\/p>\n<p>2.Znajomo\u015b\u0107 deklaracji przez zarz\u0105d przedsi\u0119biorstwa i personel;<\/p>\n<p>3.Struktura i odpowiedzialno\u015b\u0107:<\/p>\n<p>&#8211;\u00a0\u00a0\u00a0\u00a0\u00a0\u00a0\u00a0 Okre\u015blenie odpowiedzialno\u015bci za realizacj\u0119 polityki przedsi\u0119biorstwa\u00a0w \u00a0zakresie kontroli obrotu:<\/p>\n<ul>\n<li>w ramach istniej\u0105cej struktury organizacyjnej,<\/li>\n<li>utworzenie nowej wyspecjalizowanej kom\u00f3rki\u00a0organizacyjnej,<\/li>\n<\/ul>\n<p>&#8211;\u00a0\u00a0\u00a0\u00a0\u00a0\u00a0\u00a0 Wyznaczenie osoby odpowiedzialnej za kontrol\u0119 obrotu (cz\u0142onek zarz\u0105du &#8211; koordynator WSK);<\/p>\n<p>4.Kompetencje i odpowiedzialno\u015b\u0107 koordynatora WSK:<\/p>\n<p>&#8211;\u00a0\u00a0\u00a0\u00a0\u00a0\u00a0\u00a0 nadz\u00f3r nad prawid\u0142owym funkcjonowanie i rozwojem systemu,<\/p>\n<p>&#8211;\u00a0\u00a0\u00a0\u00a0\u00a0\u00a0\u00a0 nadz\u00f3r nad procedurami operacyjnymi,<\/p>\n<p>&#8211;\u00a0\u00a0\u00a0\u00a0\u00a0\u00a0\u00a0 znajomo\u015b\u0107 aktualnych regulacji prawnych,<\/p>\n<p>&#8211;\u00a0\u00a0\u00a0\u00a0\u00a0\u00a0\u00a0 klasyfikacja i analiza ryzyka transakcji,<\/p>\n<p>&#8211;\u00a0\u00a0\u00a0\u00a0\u00a0\u00a0\u00a0 przegl\u0105danie i zatwierdzanie transakcji handlowych,<\/p>\n<p>&#8211;\u00a0\u00a0\u00a0\u00a0\u00a0\u00a0\u00a0 komunikacja wewn\u0119trzna i zewn\u0119trzna,<\/p>\n<p>&#8211;\u00a0\u00a0\u00a0\u00a0\u00a0\u00a0\u00a0 audity wewn\u0119trzne,<\/p>\n<p>&#8211;\u00a0\u00a0\u00a0\u00a0\u00a0\u00a0\u00a0 szkolenia wewn\u0119trzne.<\/p>\n<p>5.Procedury:<\/p>\n<p>&#8211;\u00a0\u00a0\u00a0\u00a0\u00a0\u00a0\u00a0 klasyfikacja towar\u00f3w,<\/p>\n<p>&#8211;\u00a0\u00a0\u00a0\u00a0\u00a0\u00a0\u00a0 analiza ryzyka transakcji,<\/p>\n<p>&#8211;\u00a0\u00a0\u00a0\u00a0\u00a0\u00a0\u00a0 wnioskowanie o zezwolenie \/ powiadamianie o korzystaniu (zamiarze korzystania) z zezwolenia generalnego.<\/p>\n<p>&#8211;\u00a0\u00a0\u00a0\u00a0\u00a0\u00a0\u00a0 Kontrola dostawy towaru.<\/p>\n<p>&#8211;\u00a0\u00a0\u00a0\u00a0\u00a0\u00a0\u00a0 Ocena skuteczno\u015bci funkcjonowania systemu i zgodno\u015bci z obowi\u0105zuj\u0105cym prawem.<\/p>\n<p>6.Szkolenia:<\/p>\n<p>&#8211;\u00a0\u00a0\u00a0\u00a0\u00a0\u00a0\u00a0 wewn\u0119trzne,<\/p>\n<p>&#8211;\u00a0\u00a0\u00a0\u00a0\u00a0\u00a0\u00a0 zewn\u0119trzne.<\/p>\n<p>7.Ewidencja obrotu.<\/p>\n<p>&#8211;\u00a0\u00a0\u00a0\u00a0\u00a0\u00a0\u00a0 Archiwizacja danych.<\/p>\n<p>&#8211;\u00a0\u00a0\u00a0\u00a0\u00a0\u00a0\u00a0 Sprawozdawczo\u015b\u0107 i dzia\u0142ania naprawcze.<\/p>\n<p>8.Komunikacja zewn\u0119trzna:<\/p>\n<p>&#8211;\u00a0\u00a0\u00a0\u00a0\u00a0\u00a0\u00a0 powiadamianie,<\/p>\n<p>&#8211;\u00a0\u00a0\u00a0\u00a0\u00a0\u00a0\u00a0 raportowanie.<\/p>\n\n\n<p><strong>Wykaz podstawowych przepis\u00f3w dot. WSK, wg stanu na 15.03.2024:<\/strong><\/p>\n\n\n\n<ul><\/ul>\n\n\n\n<figure class=\"wp-block-table\"><table><tbody><tr><td colspan=\"2\"><strong>Polskie akty prawne<\/strong> <strong>&nbsp;<\/strong><\/td><\/tr><tr><td><strong><\/strong><strong>&nbsp;<\/strong><\/td><td><strong>Ustawa z dnia 29 listopada 2000 r. o obrocie z zagranic\u0105 towarami, technologiami i us\u0142ugami o znaczeniu strategicznym dla bezpiecze\u0144stwa pa\u0144stwa, a tak\u017ce dla utrzymania mi\u0119dzynarodowego pokoju i bezpiecze\u0144stwa <\/strong>(tekst jednolity: <a href=\"http:\/\/PL%202023%201582%20Ustawa%20tekst%20jednolity.pdf\" target=\"_blank\" rel=\"noreferrer noopener\">O Obwieszczenie Marsza\u0142ka Sejmu Rzeczypospolitej Polskiej z dnia 7 lipca 2023 r. w sprawie og\u0142oszenia jednolitego tekstu ustawy o obrocie z zagranic\u0105 towarami, technologiami i us\u0142ugami o znaczeniu strategicznym dla bezpiecze\u0144stwa pa\u0144stwa, a tak\u017ce dla utrzymania mi\u0119dzynarodowego pokoju i bezpiecze\u0144stwa Dz.U.2023<\/a> poz. 1582)<\/td><\/tr><tr><td><strong><\/strong><strong>&nbsp;<\/strong><\/td><td>Rozporz\u0105dzenie Ministra Rozwoju i Technologii z dnia 16 stycznia 2024 r. zmieniaj\u0105ce rozporz\u0105dzenie w sprawie krajowego zezwolenia generalnego. (DZ.U. 2024 poz. 57)<\/td><\/tr><tr><td><strong><\/strong><strong>&nbsp;<\/strong><\/td><td><a href=\"PL%202023%201344%20Wykaz%20uzbrojenia.pdf\">Rozporz\u0105dzenie Ministra Rozwoju i Technologii z dnia 26 czerwca 2023 r. w sprawie wykazu uzbrojenia, na obr\u00f3t kt\u00f3rym jest wymagane zezwolenie<\/a><br>(Dz. U. 2023, poz. 1344)<\/td><\/tr><tr><td><strong><\/strong><strong>&nbsp;<\/strong><\/td><td>Rozporz\u0105dzenie Ministra Rozwoju i Technologii z dnia 19 kwietnia 2023 r. zmieniaj\u0105ce rozporz\u0105dzenie w sprawie krajowego zezwolenia generalnego (Dz.U. 2023 poz. 787)<\/td><\/tr><tr><td><strong><\/strong><strong>&nbsp;<\/strong><\/td><td><a href=\"PL%202022%201567%20Krajowe%20zezwolenie%20generalme.pdf\">Rozporz\u0105dzenie Ministra Rozwoju i Technologii z dnia 6 lipca 2022 r. w sprawie krajowego zezwolenia generalnego<\/a> (Dz.U. 2022 poz. 1567). UWAGA: s\u0105 aktualizacje (poz. 2 i 4)<\/td><\/tr><tr><td><strong><\/strong><strong>&nbsp;<\/strong><\/td><td><a href=\"PL%202021%20604%20nowe%20wzory%20wniosk\u00f3w.pdf\">Obwieszczenie Ministra Rozwoju, Pracy i Technologii z dnia 26 lutego 2021 r. w sprawie og\u0142oszenia jednolitego tekstu rozporz\u0105dzenia Ministra Gospodarki w sprawie wzor\u00f3w wniosk\u00f3w oraz zezwole\u0144 na obr\u00f3t towarami o znaczeniu strategicznym<\/a> (Dz. U. Poz. 604 z dn. 01.04.2021)<\/td><\/tr><tr><td><strong><\/strong><strong>&nbsp;<\/strong><\/td><td><a href=\"PL%202020%200%201743%20Ewidencja%20obrotu.pdf\">ROZPORZ\u0104DZENIE MINISTRA ROZWOJU z dnia 1 pa\u017adziernika 2020 r. w sprawie ewidencji obrotu towarami o znaczeniu strategicznym<\/a> (Dz.U. 2020 poz. 1743)<\/td><\/tr><tr><td><strong><\/strong><strong>&nbsp;<\/strong><\/td><td><a href=\"PL%202019%201404%20Wz\u00f3r%20certyfikatu%20importowego.pdf\">Rozporz\u0105dzenie Ministra Gospodarki z dnia 16.07.2019 r. w sprawie wzoru certyfikatu importowego<\/a> (Dz. U. z dnia 29.07.2019&nbsp; r. poz. 1404)<\/td><\/tr><tr><td><strong><\/strong><strong>&nbsp;<\/strong><\/td><td><a href=\"PL%202018%200%20747%20zakres%20informacji.pdf\">Rozporz\u0105dzenie Ministra Przedsi\u0119biorczo\u015bci i Technologii z dnia 3 kwietnia 2018 r. w sprawie zakresu informacji przekazywanych organowi kontroli obrotu przez podmiot dokonuj\u0105cy obrotu towarami o znaczeniu strategicznym w ramach zezwole\u0144 generalnych<\/a> (Dz.U. z 18.04.2018 Poz. 747)<\/td><\/tr><tr><td><strong><\/strong><strong>&nbsp;<\/strong><\/td><td><a href=\"PL%202014%200%20623.pdf\">Rozporz\u0105dzenie Prezesa Rady Ministr\u00f3w z dnia 8 maja 2014 r. w sprawie wzoru zg\u0142oszenia zamiaru dokonania przywozu lub transferu wewn\u0105trzunijnego produkt\u00f3w podw\u00f3jnego zastosowania wykorzystywanych w telekomunikacji lub do ochrony informacji<\/a> (Dz. U. Poz. 623 z dn. 16.05.2014)<\/td><\/tr><tr><td><strong><\/strong><strong>&nbsp;<\/strong><\/td><td><a href=\"PL%202014%200%20602.pdf\">Rozporz\u0105dzenie Prezesa Rady Ministr\u00f3w z dnia 29 kwietnia 2014 r. w sprawie wzoru \u015bwiadectwa wiarygodno\u015bci odbiorcy uzbrojenia przekazywanego w ramach zezwole\u0144 generalnych na transfer wewn\u0105trzunijny wydanych przez w\u0142a\u015bciwe organy innych pa\u0144stw cz\u0142onkowskich Unii Europejskiej<\/a> (Dz. U. z dnia 13 maja 2014 r. poz. 602)<\/td><\/tr><tr><td><strong><\/strong><strong>&nbsp;<\/strong><\/td><td><a href=\"PL%202014%200%20601.pdf\">Rozporz\u0105dzenie Prezesa Rady Ministr\u00f3w z dnia 29 kwietnia 2014 r. w sprawie wzoru wniosku o wydanie \u015bwiadectwa wiarygodno\u015bci odbiorcy uzbrojenia przekazywanego w ramach zezwole\u0144 generalnych na transfer wewn\u0105trzunijny wydanych przez w\u0142a\u015bciwe organy innych pa\u0144stw cz\u0142onkowskich Unii Europejskiej<\/a> (Dz. U. z dnia 13 maja 2014 r. poz. 601)<\/td><\/tr><tr><td><strong><\/strong><strong>&nbsp;<\/strong><\/td><td><a href=\"PL%202013%200%201576.pdf\">Rozporz\u0105dzenie Ministra Spraw Zagranicznych z dnia 2 grudnia 2013 r. w sprawie wzoru raportu z faktycznego wykonania wywozu uzbrojenia<\/a> (Dz. U. z dnia 18 grudnia 2013 r. poz. 1576)<\/td><\/tr><tr><td><strong><\/strong><strong>&nbsp;<\/strong><\/td><td><a href=\"PL%202013%200%20774.pdf\">Rozporz\u0105dzenie Ministra Finans\u00f3w z dnia 1 lipca 2013 r. w sprawie wzoru certyfikatu weryfikacji dostawy oraz sposobu ewidencjonowania wydanych certyfikat\u00f3w<\/a> (Dz. U. z dnia 4 lipca 2013 r. poz. 774) &nbsp;<\/td><\/tr><tr><td><strong><\/strong><strong>&nbsp;<\/strong><\/td><td><a href=\"PL%202013%200%20525%20Wykaz%20jednostek%20cert.pdf\">Rozporz\u0105dzenie Ministra Gospodarki z 12 kwietnia 2013r. w sprawie wykazu jednostek certyfikuj\u0105cych upowa\u017cnionych do prowadzenia certyfikacji zgodno\u015bci i kontroli zgodno\u015bci funkcjonowania wewn\u0119trznego systemu kontroli<\/a> (Dz.U. Nr 0, poz. 525) &nbsp;<\/td><\/tr><tr><td><strong><\/strong><strong>&nbsp;<\/strong><\/td><td><a href=\"PL%202011%2033%20163.pdf\">Rozporz\u0105dzenie Ministra Gospodarki&nbsp;z 25 stycznia 2011 r. w sprawie wzoru upowa\u017cnienia do przeprowadzania kontroli obrotu towarami, technologiami i us\u0142ugami o znaczeniu strategicznym dla bezpiecze\u0144stwa pa\u0144stwa, a tak\u017ce dla utrzymania mi\u0119dzynarodowego pokoju i bezpiecze\u0144stwa<\/a> (Dz.U. Nr 33, poz. 163) &nbsp; &nbsp;<\/td><\/tr><tr><td colspan=\"2\"><strong>Urz\u0119dy celno-skarbowe:<\/strong><\/td><\/tr><tr><td><strong><\/strong><strong>&nbsp;<\/strong><\/td><td><a href=\"PL%202023%2090%20Urz\u0119dy%20celne%20-%20tekst%20jednolity.pdf\">Obwieszczenie Ministra Finans\u00f3w z dnia 12 grudnia 2022 r. w sprawie og\u0142oszenia jednolitego tekstu rozporz\u0105dzenia Ministra Rozwoju i Finans\u00f3w w sprawie urz\u0119d\u00f3w celno-skarbowych, w kt\u00f3rych mo\u017ce by\u0107 dokonywany wyw\u00f3z, przyw\u00f3z i tranzyt towar\u00f3w o znaczeniu strategicznym<\/a> (Dz.U. 2023 poz. 90)<\/td><\/tr><tr><td><strong>&nbsp;<\/strong><\/td><td><strong>Najwa\u017cniejsze unijne akty prawne,<br>bezpo\u015brednio obowi\u0105zuj\u0105ce w polskim porz\u0105dku prawnym<\/strong> <strong>&nbsp;<\/strong><\/td><\/tr><tr><td><strong><\/strong><strong>&nbsp;<\/strong><\/td><td><a href=\"UE%202021%20System%20kontroli%20wywozu%20L%20206_1%20z%2011.06.2021.pdf\">Rozporz\u0105dzenie Parlamentu Europejskiego i Rady (UE) 2021\/821 z dnia 20.05.2021 ustanawiaj\u0105ce unijny system kontroli wywozu, po\u015brednictwa, pomocy technicznej, tranzytu i transferu produkt\u00f3w podw\u00f3jnego zastosowania<\/a> (Dz.U. UE L 206\/1 z dnia 11.06.2021). &nbsp; UWAGA: zast\u0119puje rozp. 428\/2009 z p\u00f3\u017aniejszymi zmianami!!!<\/td><\/tr><tr><td><strong><\/strong><strong>&nbsp;<\/strong><\/td><td><a href=\"UE%202023%202616%20zmiana%20rozp%20821_2021.pdf\">Rozporz\u0105dzenie Delegowane Komisji (UE) 2023\/2616 z dnia 15 grudnia 2023 r. zmieniaj\u0105ce rozporz\u0105dzenie (UE) 2021\/821 Parlamentu Europejskiego i Rady w odniesieniu do wykazu produkt\u00f3w podw\u00f3jnego zastosowania<\/a>. (Dz.U. UE 2023\/2616 z 15.12.2023).<\/td><\/tr><tr><td><strong><\/strong><strong>&nbsp;<\/strong><\/td><td><a href=\"UE%202021_1700%20zalcenia%20dot.%20Rozp.2021_821.pdf\">Zalecenie Komisji (UE) 2021\/1700 z dnia 15 wrze\u015bnia 2021 r. w sprawie wewn\u0119trznych program\u00f3w przestrzegania przepis\u00f3w w zakresie kontroli bada\u0144 dotycz\u0105cych produkt\u00f3w podw\u00f3jnego zastosowania na podstawie rozporz\u0105dzenia Parlamentu Europejskiego i Rady (UE) 2021\/821 ustanawiaj\u0105cego unijny system kontroli wywozu, po\u015brednictwa, pomocy technicznej, tranzytu i transferu produkt\u00f3w podw\u00f3jnego zastosowania<\/a> <a href=\"UE%202021_1700%20zalcenia%20dot.%20Rozp.2021_821.pdf\">(Dz. Urz. UE L 338\/1 z dn. 23.9.2021)<\/a><\/td><\/tr><tr><td><strong><\/strong><strong>&nbsp;<\/strong><\/td><td><a href=\"UE%202024%20242%20Dyrektywa%20delegowana%20-%20uzbrojenie.pdf\">Dyrektywa delegowana Komisji (UE) 2024\/242 z dnia 27 wrze\u015bnia 2023 r. zmieniaj\u0105ca dyrektyw\u0119 Parlamentu Europejskiego i Rady 2009\/43\/WE w odniesieniu do aktualizacji wykazu produkt\u00f3w zwi\u0105zanych z obronno\u015bci\u0105 zgodnie ze zaktualizowanym wsp\u00f3lnym wykazem uzbrojenia Unii Europejskiej z dnia 20 lutego 2023 r.<\/a> (Dz. Urz. UE L&nbsp; z dn. 17.1.2024) &nbsp; UWAGA\u201d Okre\u015bla nowy wykaz produkt\u00f3w zwi\u0105zanych z obronno\u015bci\u0105. Traci zastosowanie dyrektywa delegowana Komisji (UE) 2023\/277.<\/td><\/tr><\/tbody><\/table><\/figure>\n","protected":false},"excerpt":{"rendered":"<p>Wewn\u0119trzny System Kontroli Obrotu (WSK) Kontrola obrotu towarami o znaczeniu strategicznym stanowi istotny element polityki bezpiecze\u0144stwa zar\u00f3wno w wymiarze krajowym, jak i globalnym. Dotyczy wsp\u00f3lnych dzia\u0142a\u0144 podejmowanych przez przedsi\u0119biorc\u00f3w i administracj\u0119 rz\u0105dow\u0105, zwi\u0105zanych z obrotem z zagranic\u0105 towarami, technologiami i us\u0142ugami o znaczeniu strategicznym dla bezpiecze\u0144stwa pa\u0144stwa, a tak\u017ce dla utrzymania mi\u0119dzynarodowego pokoju i bezpiecze\u0144stwa. [&hellip;]<\/p>\n","protected":false},"author":1,"featured_media":0,"parent":0,"menu_order":4,"comment_status":"closed","ping_status":"closed","template":"","meta":{"footnotes":""},"_links":{"self":[{"href":"https:\/\/ps-partner.com\/index.php?rest_route=\/wp\/v2\/pages\/42"}],"collection":[{"href":"https:\/\/ps-partner.com\/index.php?rest_route=\/wp\/v2\/pages"}],"about":[{"href":"https:\/\/ps-partner.com\/index.php?rest_route=\/wp\/v2\/types\/page"}],"author":[{"embeddable":true,"href":"https:\/\/ps-partner.com\/index.php?rest_route=\/wp\/v2\/users\/1"}],"replies":[{"embeddable":true,"href":"https:\/\/ps-partner.com\/index.php?rest_route=%2Fwp%2Fv2%2Fcomments&post=42"}],"version-history":[{"count":3,"href":"https:\/\/ps-partner.com\/index.php?rest_route=\/wp\/v2\/pages\/42\/revisions"}],"predecessor-version":[{"id":152,"href":"https:\/\/ps-partner.com\/index.php?rest_route=\/wp\/v2\/pages\/42\/revisions\/152"}],"wp:attachment":[{"href":"https:\/\/ps-partner.com\/index.php?rest_route=%2Fwp%2Fv2%2Fmedia&parent=42"}],"curies":[{"name":"wp","href":"https:\/\/api.w.org\/{rel}","templated":true}]}}