{"id":45,"date":"2016-11-15T18:43:19","date_gmt":"2016-11-15T18:43:19","guid":{"rendered":"http:\/\/ps-partner.com\/?page_id=45"},"modified":"2024-03-15T10:01:01","modified_gmt":"2024-03-15T10:01:01","slug":"koncesja-mswia","status":"publish","type":"page","link":"https:\/\/ps-partner.com\/?page_id=45","title":{"rendered":"Koncesja"},"content":{"rendered":"\n<p><strong><span style=\"text-decoration: underline;\">Koncesja MSWIA<\/span><br><\/strong>Je\u015bli zajmujesz si\u0119 produkcj\u0105, naprawami, obrotem handlowym:<\/p>\n\n\n\n<ul>\n<li>materia\u0142ami wybuchowymi,<\/li>\n\n\n\n<li>broni\u0105 (w tym istotnymi cz\u0119\u015bciami broni),<\/li>\n\n\n\n<li>amunicj\u0105,<\/li>\n\n\n\n<li>wyrobami i technologi\u0105 o przeznaczeniu wojskowym lub policyjnym,<\/li>\n<\/ul>\n\n\n\n<p><strong>koncesja na tak\u0105 dzia\u0142alno\u015b\u0107 jest niezb\u0119dna!<\/strong><\/p>\n\n\n\n<p>Wiemy, jak j\u0105 uzyska\u0107 lub aktualizowa\u0107.<\/p>\n\n\n\n<p><strong>NOWO\u015a\u0106:<\/strong> potrzebny jest program do prowadzenia ewidencji wyrob\u00f3w obj\u0119tych koncesj\u0105? <strong>Mamy to!<\/strong><\/p>\n\n\n\n<p>Wsp\u00f3lnie z firm\u0105 KenBIT Sp. z o.o. opracowali\u015bmy program &#8220;ETK ewidencja towar\u00f3w koncesjonowanych&#8221;.<\/p>\n\n\n\n<p>Poni\u017cej karta informacyjna ETK:<\/p>\n\n\n\n<figure class=\"wp-block-image size-full\"><img loading=\"lazy\" decoding=\"async\" width=\"608\" height=\"857\" src=\"https:\/\/ps-partner.com\/wp-content\/uploads\/2021\/10\/obraz-9.png\" alt=\"\" class=\"wp-image-122\" srcset=\"https:\/\/ps-partner.com\/wp-content\/uploads\/2021\/10\/obraz-9.png 608w, https:\/\/ps-partner.com\/wp-content\/uploads\/2021\/10\/obraz-9-213x300.png 213w\" sizes=\"(max-width: 608px) 100vw, 608px\" \/><\/figure>\n\n\n\n<figure class=\"wp-block-image size-full\"><img loading=\"lazy\" decoding=\"async\" width=\"600\" height=\"727\" src=\"https:\/\/ps-partner.com\/wp-content\/uploads\/2021\/10\/obraz-10.png\" alt=\"\" class=\"wp-image-123\" srcset=\"https:\/\/ps-partner.com\/wp-content\/uploads\/2021\/10\/obraz-10.png 600w, https:\/\/ps-partner.com\/wp-content\/uploads\/2021\/10\/obraz-10-248x300.png 248w\" sizes=\"(max-width: 600px) 100vw, 600px\" \/><\/figure>\n\n\n\n<p><u>Wymagania prawne<\/u> w sprawie ubiegania si\u0119, rozszerzenia lub zmiany koncesji s\u0105 uregulowane zupe\u0142nie now\u0105 &#8220;<strong>Ustaw\u0105 z dnia 13 czerwca 2019r. o wykonywaniu dzia\u0142alno\u015bci gospodarczej w zakresie wytwarzania i obrotu materia\u0142ami wybuchowymi, broni\u0105, amunicj\u0105 oraz wyrobami i technologia o przeznaczeniu wojskowym lub policyjnym&#8221; (z p\u00f3\u017aniejszymi zmianami)<\/strong><\/p>\n\n\n\n<p>Przepisy powy\u017cszej ustawy uzupe\u0142nia szereg rozporz\u0105dze\u0144 wykonawczych:<\/p>\n\n\n\n<ul>\n<li>Rozporz\u0105dzenie Ministra Obrony Narodowej z dnia 11 kwietnia 2022 r. w sprawie pozbawiania cech u\u017cytkowych broni palnej innej ni\u017c strzelecka bro\u0144 palna i wyrob\u00f3w o przeznaczeniu wojskowym lub policyjnym (Dz.U. 2022 poz. 911)<\/li>\n\n\n\n<li>Rozporz\u0105dzenie Ministra Spraw Wewn\u0119trznych i Administracji z dnia 1 wrze\u015bnia 2021 r. w sprawie wzoru informacji o sprzeda\u017cy materia\u0142\u00f3w wybuchowych, broni palnej innej ni\u017c strzelecka bro\u0144 palna, na posiadanie kt\u00f3rej jest wymagane pozwolenie, oraz strzeleckiej broni palnej i istotnych cz\u0119\u015bci (DZ.U.2021 poz.1733).<\/li>\n\n\n\n<li>Rozporz\u0105dzenie Ministra Rozwoju, Pracy i Technologii z dnia 5 sierpnia 2021 r. w sprawie obiekt\u00f3w i pomieszcze\u0144 magazynowych do przechowywania materia\u0142\u00f3w wybuchowych, broni, amunicji oraz wyrob\u00f3w i technologii o przeznaczeniu wojskowym lub policyjnym (Dz. U. z 2021 poz. 1674),<\/li>\n\n\n\n<li>Rozporz\u0105dzenie Ministra Rozwoju, Pracy i Technologii z dnia 1 kwietnia 2021 r. w sprawie szkolenia potwierdzaj\u0105cego posiadanie przygotowania zawodowego do wykonywania lub kierowania dzia\u0142alno\u015bci\u0105 gospodarcz\u0105 w zakresie wytwarzania i obrotu materia\u0142ami wybuchowymi, broni\u0105, amunicj\u0105 oraz wyrobami i technologi\u0105 o przeznaczeniu wojskowym lub policyjnym (Dz. U. 2021 poz. 776)<\/li>\n\n\n\n<li>Rozporz\u0105dzenie Ministra Rozwoju, Pracy i Technologii z dnia 20 stycznia 2021 r. w sprawie instytucji upowa\u017cnionych do wydawania opinii dotycz\u0105cych spe\u0142nienia warunk\u00f3w technicznych i organizacyjnych podczas wytwarzania i obrotu materia\u0142ami wybuchowymi, broni\u0105, amunicj\u0105 oraz wyrobami i technologi\u0105 o przeznaczeniu wojskowym lub policyjnym (Dz.U. 2021 poz. 164)<\/li>\n\n\n\n<li>\u00a0Rozporz\u0105dzenie Rady Ministr\u00f3w z dnia 28 grudnia 2020 r. w sprawie wymaga\u0144, jakim powinien odpowiada\u0107 plan post\u0119powania na wypadek zagro\u017cenia \u017cycia lub zdrowia ludzkiego, mienia oraz \u015brodowiska naturalnego (Dz. U. z 13 stycznia 2021 poz.70).<\/li>\n\n\n\n<li>Rozporz\u0105dzenie Ministra Spraw Wewn\u0119trznych i Administracji z dnia 9 stycznia 2020 r. w sprawie okre\u015blenia wzoru wniosku o udzielenie albo zmian\u0119 koncesji na wykonywanie dzia\u0142alno\u015bci gospodarczej w zakresie wytwarzania i obrotu materia\u0142ami wybuchowymi, broni\u0105, amunicj\u0105 oraz wyrobami i technologi\u0105 o przeznaczeniu wojskowym lub policyjnym (Dz. U. z 2020 r. poz. 118).<\/li>\n\n\n\n<li><a>ROZPORZ\u0104DZENIE MINISTRA SPRAW WEWN\u0118TRZNYCH I ADMINISTRACJI z dnia 30 pa\u017adziernika 2019 r. w sprawie ewidencjonowania wytworzonych oraz przyj\u0119tych do remontu, naprawy, przerobienia, oznakowania, pozbawienia cech u\u017cytkowych lub zniszczenia materia\u0142\u00f3w wybuchowych, broni, amunicji oraz wyrob\u00f3w o przeznaczeniu wojskowym lub policyjnym. (Dz.U. z dnia 18.11.2019 poz. 2241)<\/a><\/li>\n\n\n\n<li><a>ROZPORZ\u0104DZENIE MINISTRA SPRAW WEWN\u0118TRZNYCH I ADMINISTRACJI z dnia 30 pa\u017adziernika 2019 r. w sprawie ewidencjonowania przeznaczonych do obrotu oraz przyj\u0119tych na przechowanie lub w komis materia\u0142\u00f3w wybuchowych, broni, amunicji oraz wyrob\u00f3w i technologii o przeznaczeniu wojskowym lub policyjnym oraz transakcji obrotu i transakcji w zakresie po\u015brednictw (Dz.U. z 18.11.2019 poz. 2235)<\/a><\/li>\n\n\n\n<li>ROZPORZ\u0104DZENIE MINISTRA ZDROWIA z dnia 21 pa\u017adziernika 2019 r. w sprawie wzor\u00f3w orzeczenia lekarskiego i orzeczenia psychologicznego wydawanych w zwi\u0105zku z wykonywaniem lub kierowaniem dzia\u0142alno\u015bci\u0105 gospodarcz\u0105 albo z prac\u0105, przy wytwarzaniu i obrocie materia\u0142ami wybuchowymi, broni\u0105, amunicj\u0105 oraz wyrobami o przeznaczeniu wojskowym lub policyjnym (Dz.U. z 29.10.2019 poz. 2056)<\/li>\n\n\n\n<li>Rady Ministr\u00f3w z dnia 17 wrze\u015bnia 2019 r. w sprawie klasyfikacji rodzaj\u00f3w materia\u0142\u00f3w wybuchowych, broni, amunicji oraz wyrob\u00f3w i technologii o przeznaczeniu wojskowym lub policyjnym, na kt\u00f3rych wytwarzanie lub obr\u00f3t jest wymagane uzyskanie koncesji (Dz.U. z 4.10.2019 poz. 1888) \u00a0<\/li>\n\n\n\n<li>Rozporz\u0105dzenie Ministra Przedsi\u0119biorczo\u015bci i Technologii z dnia 16 lipca 2019 r. w sprawie wzoru wniosku o udzielenie zezwolenia na wyw\u00f3z broni palnej, cz\u0119\u015bci, istotnych komponent\u00f3w lub amunicji (Dz.U. 2019 poz. 1385.<\/li>\n<\/ul>\n","protected":false},"excerpt":{"rendered":"<p>Koncesja MSWIAJe\u015bli zajmujesz si\u0119 produkcj\u0105, naprawami, obrotem handlowym: koncesja na tak\u0105 dzia\u0142alno\u015b\u0107 jest niezb\u0119dna! Wiemy, jak j\u0105 uzyska\u0107 lub aktualizowa\u0107. NOWO\u015a\u0106: potrzebny jest program do prowadzenia ewidencji wyrob\u00f3w obj\u0119tych koncesj\u0105? Mamy to! Wsp\u00f3lnie z firm\u0105 KenBIT Sp. z o.o. opracowali\u015bmy program &#8220;ETK ewidencja towar\u00f3w koncesjonowanych&#8221;. Poni\u017cej karta informacyjna ETK: Wymagania prawne w sprawie ubiegania si\u0119, [&hellip;]<\/p>\n","protected":false},"author":1,"featured_media":0,"parent":0,"menu_order":5,"comment_status":"closed","ping_status":"closed","template":"","meta":{"footnotes":""},"_links":{"self":[{"href":"https:\/\/ps-partner.com\/index.php?rest_route=\/wp\/v2\/pages\/45"}],"collection":[{"href":"https:\/\/ps-partner.com\/index.php?rest_route=\/wp\/v2\/pages"}],"about":[{"href":"https:\/\/ps-partner.com\/index.php?rest_route=\/wp\/v2\/types\/page"}],"author":[{"embeddable":true,"href":"https:\/\/ps-partner.com\/index.php?rest_route=\/wp\/v2\/users\/1"}],"replies":[{"embeddable":true,"href":"https:\/\/ps-partner.com\/index.php?rest_route=%2Fwp%2Fv2%2Fcomments&post=45"}],"version-history":[{"count":8,"href":"https:\/\/ps-partner.com\/index.php?rest_route=\/wp\/v2\/pages\/45\/revisions"}],"predecessor-version":[{"id":130,"href":"https:\/\/ps-partner.com\/index.php?rest_route=\/wp\/v2\/pages\/45\/revisions\/130"}],"wp:attachment":[{"href":"https:\/\/ps-partner.com\/index.php?rest_route=%2Fwp%2Fv2%2Fmedia&parent=45"}],"curies":[{"name":"wp","href":"https:\/\/api.w.org\/{rel}","templated":true}]}}